(-70)/3)/(o/9)?
0
What is the ten thousands digit of (-113103)/(-9) + 7 - (-3 + 11)?
1
Suppose 16*d - 80786 + 27122 = 0. Suppose 4*l + d = 7*l - 3*s, -l - 4*s + 1123 = 0. What is the units digit of l?
9
Suppose 894552 = 102*k + 106*k - 290840. What is the hundreds digit of k?
6
Let d = -335 + 357. Suppose 8628 = -d*f + 34*f. What is the units digit of f?
9
Let r(h) = h**2 + 10*h + 29. Let z(i) = i**3 + 13*i**2 + 15*i + 30. Let y be z(-12). Let m be r(y). Suppose -m*a = a - 600. What is the hundreds digit of a?
1
Let f = 3 + -2. Let m(g) be the second derivative of 69*g**5/20 + g**3/6 - g**2/2 + 190*g. What is the tens digit of m(f)?
6
Let r(z) = 2*z**3 + 82*z**2 + 81*z + 68. Let p be r(-40). Suppose 2*u + 100 = -2*u. Let i = p - u. What is the tens digit of i?
5
Suppose 0 = -2*l + 2*a + 26104, -29*l - 52196 = -33*l - 2*a. What is the tens digit of l?
5
Let s(r) be the first derivative of -9*r**5/20 + 7*r + 16. Let l(h) be the first derivative of s(h). What is the tens digit of l(-2)?
7
Suppose -14*y - 24*y - 18082 + 195922 = 0. What is the thousands digit of y?
4
Suppose 8*c = -7 - 17. Let w be c*(100/(-15))/5. Suppose 3*u - 5*j - 403 = 0, -4*j + w = 12. What is the hundreds digit of u?
1
Let r(k) = 4*k + 30. Let u be r(-7). Suppose 2*n + 9*h = 11*h + 180, -u*h = 2. What is the units digit of n?
9
Let y(a) = -a - 12. Let r be y(-18). Suppose f + 25 = r*f. Suppose -4*x = -x + f*v - 68, 0 = 4*x + 3*v - 109. What is the tens digit of x?
3
Let t(d) = 2*d**2 + 7*d + 6. Let y = 245 + -241. What is the tens digit of t(y)?
6
Let d(m) = 25*m + 54 - 2*m + 7*m + 10*m. What is the tens digit of d(4)?
1
Let b(z) = -z**3 - 4*z**2 - 4*z + 6929. What is the units digit of b(0)?
9
Suppose -103*q + 3*i = -102*q - 15232, -4*i - 76160 = -5*q. What is the hundreds digit of q?
2
Let y(p) = 7*p + 24. Let h be y(-3). Suppose h*c = 5*s - 53, 8*c = 5*c + 12. Suppose i - 23 = s. What is the tens digit of i?
3
Suppose v = -0*v - 3*h - 44, -3*v = -h + 112. Let c(n) = -16*n + 68. Let w be c(-3). Let k = w - v. What is the tens digit of k?
5
Let j = 136 + 8. Let a = 466 - j. What is the tens digit of a?
2
What is the tens digit of (12 + (-730366)/(-42))/((-4)/(-12))?
0
Let m(r) = -r**3 + r**2 + 3*r + 4. Let x be 45/(-20)*(-16)/(-6). Let k be m(x). Let p = k + -165. What is the units digit of p?
3
Suppose 16*z - 136437 = 50619. What is the thousands digit of z?
1
What is the hundreds digit of 104284462/2509 - (-2)/26*(-2 + 0)?
5
Let o(t) = t**3 - 5*t**2 + 7*t - 9. Let g be o(8). Suppose 3*h = -g + 20. Let y = h - -92. What is the units digit of y?
9
Let o(l) = l**3 - 4*l**2 + 2*l - 4. Let d be o(4). What is the units digit of (4*43/d)/(2/22)?
3
Suppose 822502 = 125*p - 1550498. What is the thousands digit of p?
8
Let f be (12 - 15) + 677/1. Let p = f - 954. Let x = 422 + p. What is the tens digit of x?
4
Let t be 20/(-5) + (7 - -3). What is the hundreds digit of 1*(-708)/(-3) + (-36)/t?
2
Suppose 4*a + 3*n - 719 - 237 = 0, 4*n = 2*a - 478. Let x be (-7 - -2)*(-276)/(-10). Let v = x + a. What is the tens digit of v?
0
Let j be ((-5)/2 + 2)/(564/(-115056)). Suppose -r + 5*y - 1 = 0, r - 3*y + 33 = 4*r. Suppose -j = -2*k - 2*p, p - 4*p + r = 0. What is the tens digit of k?
4
Let j = 27 - 23. Suppose 0 = 5*r - j*r - 5. What is the tens digit of ((-4)/r)/(2/(-125))?
5
Let m(c) = -34*c + 71. Let x be m(-25). Suppose 11*a - 2604 = -x. What is the units digit of a?
3
Suppose -5*p - f = -1325, 13*p - 15*p = -3*f - 513. Suppose -6*o + 2*o = -4*w - 312, 3*o + 3*w = p. What is the units digit of o?
3
Let u = 179 + -162. Let l(x) = x**3 - 16*x**2 + 13*x + 2. What is the hundreds digit of l(u)?
5
Let a = -174 - -174. Suppose -4 = -2*t - 0*t. What is the units digit of (-3)/(t + 1)*a + 46?
6
What is the thousands digit of (-8835620)/(-155) + 44/(-4)?
6
Suppose 0 = 13*b + 12*b - 50. What is the tens digit of (-16)/(-8)*(-2 + 557/b)?
5
Let g = -101 + 106. Suppose -5*x - 3*l = -871, -x + 3*x - 337 = -g*l. What is the tens digit of x?
7
Let b(w) = 22*w**2 + 96*w - 4. What is the units digit of b(-16)?
2
Suppose 835 = -4*r - 1069. Let j = r - -1306. What is the hundreds digit of j?
8
Let y be 51/5 + 4*7/(-140). Let h(k) = 24*k - 35. What is the tens digit of h(y)?
0
What is the hundreds digit of (75*(-4)/(-16))/(3/1624)?
1
Suppose -7*p = 12*p - 5301. Suppose 58*s - p = 243. What is the units digit of s?
9
Let t(g) = 79*g - 128. Let a be (-8)/(-60) + 6 + 65/75. What is the tens digit of t(a)?
2
What is the hundreds digit of (24/(-96))/(5/(-217062 + 2))?
8
Suppose 5*i + t - 122 = 0, 2*i + 14 - 54 = 4*t. Suppose n + 14 = i. Suppose -n*d + 32 = -58. What is the units digit of d?
9
What is the thousands digit of (142/497 + 16/(-7))*-10704?
1
Let v be -8 - (3 + 1 + -2). Let l(y) = -y + 4. Let p be l(v). What is the tens digit of ((-7)/p)/(2/(-76))?
1
Let m(u) = -u**3 - 13*u**2 + 34*u - 2. Let b be m(-12). What is the units digit of (b/(-1))/2 - 1?
6
Let j(b) = -3*b + 9. Let v be j(0). Suppose -8*a + 5*a + v = 0. Suppose a = -3*h + 87. What is the tens digit of h?
2
Suppose 192 = 21*o - 5*o. Let b(y) = 5*y**2 - 28*y - 12. What is the tens digit of b(o)?
7
Suppose l - 5*y + 7 = -4*y, -5*y - 64 = 4*l. Let t(h) = -16*h + 26. What is the units digit of t(l)?
2
Suppose s + 9*y = 14*y + 47192, -3*s = 9*y - 141408. What is the tens digit of s?
5
Suppose -2*c - 6*c = 2*c. Suppose 0 = 5*l + 2*b + b - 1026, c = -4*l - 5*b + 826. What is the tens digit of (20/12 + -1)*l?
3
Let r(v) = -v**3 - v**2 + 5*v + 293. Suppose 5*m - 15 = -c, 0 = 3*c - 4*m + 2*m + 6. What is the hundreds digit of r(c)?
2
Let r(h) = -319*h + 2324. What is the thousands digit of r(-65)?
3
Suppose 4*c - 16 = 2*c. Suppose -5*n + 3918 = -c*n. What is the units digit of (-9)/(-54) + n/(-12)?
9
Let h = 95 + -95. Suppose h = -19*d + 14*d + 195. What is the units digit of (-58 + 0)*(6 - d/6)?
9
Suppose -2*l + 2 - 3 = q, 0 = -2*q - 10. What is the hundreds digit of 2/(-8)*-774*l?
3
Let k(r) = 2973*r - 5163. What is the tens digit of k(6)?
7
Suppose 0 = 3*v + 2*v + n + 3384, 4*n = -16. Let w be v/(-39) + (-2)/(-3). What is the units digit of 1020/w - 4*(-3)/(-18)?
6
Let k = 182 - -115. Let g be k/(4/(-10)*25/(-10)). Suppose -5*o = -8*o + g. What is the tens digit of o?
9
Let l(r) be the third derivative of -r**5/60 + 13*r**4/24 - 5*r**3/3 + r**2. Let j be l(12). What is the units digit of 8/(-20)*((-20)/j)/2?
2
Let a = -29096 + 41563. What is the tens digit of a?
6
What is the units digit of (-6 - -6) + (-12930)/9*-3?
0
Let s(r) = 15*r + 23. Let f be s(0). What is the tens digit of (132 + -192)/(1/f*-2)?
9
Suppose -5*o + 50 + 46 = -4*j, 0 = 3*o + 5*j - 65. What is the units digit of o/9 - (-7 - (-455)/63)?
2
Let y(o) = o**3 - 9*o**2 + 16*o + 5. Let h be (-4*(-9)/6)/((-24)/(-36)). What is the units digit of y(h)?
9
What is the units digit of (-11 + (-114684)/(-95))/((-1)/(-5))?
1
Let f(l) be the second derivative of 11*l**5/10 + l**4/12 + l**3/3 - l**2 + 3*l. Let w = 138 - 137. What is the units digit of f(w)?
3
What is the tens digit of (-132610)/(-11) - 474/(-869)?
5
Let o be 213228/(-180) + (-6)/(-10). Let m = 2308 + o. What is the thousands digit of m?
1
Suppose 159 - 33 = -2*y. Let q = y - -70. What is the hundreds digit of 4*(-7)/(-196) + 1651/q?
2
Let j(c) be the second derivative of 25*c**4/4 - c**3/2 - c**2/2 - 46*c. What is the units digit of j(2)?
3
Let k = 267 - -7785. What is the thousands digit of k?
8
Let i(w) = w**3 + 7*w**2 - 3*w + 13. Let a(t) = -2*t**2 - 13*t - 23. Let n be a(-5). Let o be i(n). What is the units digit of (-5547)/o - (-20)/(-45)?
5
Let z be (-22)/44 - (77/2 - 0). What is the units digit of (82500/(-26))/(-6) + (-6)/z?
9
Suppose 120 = 3*x + 5*x. Suppose 5*l = -x, 2*l = -2*i + l + 531. What is the tens digit of i?
6
Suppose -3*o + 5*o + 2*l - 13960 = 0, 3*o - 2*l - 20930 = 0. What is the tens digit of ((-22)/(-66))/(2/o)?
6
Let z be (44/(-5))/(12/(-60)). What is the tens digit of (z + -42)*272/2?
7
Suppose 0 = 4*o - 2*o - 118. Let m = -52 + o. Suppose 4*i + 853 = -2*t + m*t, -837 = -5*t - 4*i. What is the hundreds digit of t?
1
Let l(u) = -73*u**3 + 11*u**2 - u - 142. What is the ten thousands digit of l(-7)?
2
Let y(f) be the third derivative of 12*f**2 + 0*f + 0 - 1/12*f**4 + 1/3*f**3. What is the units digit o